2 + 2*k + 1. Let d(t) = -2*t - t**3 - 11*t**2 - 7*t - 2*t - 12. Let c be d(-10). What is f(c)?
9
Let p(z) = z**2 + 3*z. Let s be p(-3). Let i = 5 - s. Let h(d) = -2*d - i*d + 0*d + 1. Calculate h(1).
-6
Let s(t) = t**3 - 8*t**2 + 9*t - 10. Let r(p) = 2*p + 33. Let c be r(-13). Give s(c).
4
Let v be 62/14 - 4/(-7). Let p(x) = -v - 5*x**2 + 3*x - 21*x**3 + 20*x**3 + x. Determine p(-6).
7
Let f(w) = -w**2 - w + 5. Let q(y) = y**3 - 5*y**2 - 6*y - 3. Let k be q(6). Let l be -16*3/(18/k). Let g = -12 + l. Calculate f(g).
-7
Let h(o) = o**2 + 3*o + 3. Suppose -25 = 5*w, -4 = -2*j + 2*w + 2. Determine h(j).
1
Let f(x) = 2*x**2 + 3*x - 10. Let z(l) = l**2 + 2*l - 5. Suppose 3*k + h - 3*h + 18 = 0, -2*k - 2*h - 12 = 0. Let q(s) = k*f(s) + 11*z(s). Give q(6).
-7
Let a(j) = -j**2 - 9*j - 10. Suppose -3*i + 12 = -3*d - 0*i, 3*i = -12. Calculate a(d).
-2
Suppose 3*a + 4*v = -3, 2*a = -2*a - v - 17. Let y(k) = k. Calculate y(a).
-5
Let s(t) = -t**3 - 2*t - 1. Let h be s(-1). Let o(r) = -h + 11 - r - 6 - 2*r**2 + r**2. Let u = -8 - -5. Calculate o(u).
-3
Let f(i) be the second derivative of i - 1/12*i**4 + 1/6*i**3 + 0 + 2*i**2. Determine f(0).
4
Let z be -7 - -3 - -2*1. Suppose 0 = w + w + 5*h, 3*w = -3*h. Let f be ((-1)/z*w)/2. Let s(l) = -l**2 + 6. What is s(f)?
6
Suppose -s + 3 = -2. Let v be (1/(-2))/(s/(-10)). Let o(a) = -5*a**3 - a**2 + 1. Calculate o(v).
-5
Let v(z) = -z**2 - 7*z - 9. Let n be v(-6). Let o be 10/(-8) - n/12. Let a(r) = -4*r**2 + 4*r**2 + 2*r**3. What is a(o)?
-2
Let i(s) = -s**2 - 2*s + 3. Let b(o) = -o**2 - 11*o - 4. Let d be b(-11). Give i(d).
-5
Let f(d) = -2*d + 5. Let s(m) = 5*m - 11. Let r(t) = -7*f(t) - 3*s(t). What is r(-4)?
2
Suppose 14 = -2*r - 5*s, 2*r - s - 14 = s. Let k(j) = 6*j + 4. Give k(r).
22
Let d(b) = -8*b. Let i(q) = -5*q. Let w(u) = -3*d(u) + 5*i(u). Suppose 0*n = -n - 3. Let g be (2/(-2))/((-1)/n). Give w(g).
3
Let z = 2 - 3. Let t(g) be the second derivative of g**7/630 + g**6/720 + g**5/120 - g**4/6 - 2*g. Let v(h) be the third derivative of t(h). Give v(z).
4
Let v(p) = -p. Let m(l) = -2*l**2 - l + 1. Let u be m(-2). Let b(a) = -a**3 - 6*a**2 - 2*a - 5. Let z(r) = u*v(r) - b(r). Determine z(-5).
-5
Let j(c) = 4*c**2 + 5*c - 1. Let z(d) = d**2 + d + 1. Let w(x) = -j(x) + 3*z(x). Calculate w(-4).
-4
Suppose -8 = -4*q, -4 = -2*m - q + 6. Suppose -m*t + 3*t - 7 = 0. Let b(o) = o**2 + 6*o - 6. Determine b(t).
1
Suppose -4*c - 4 = -8*c. Let n = 1 + c. Let x(w) = 3 + 2 - w**3 + 4*w**2 - 8*w + n*w**2. Give x(5).
-10
Let r(k) = k**3 - 3*k**2 + 3*k - 1. Let w = -9 + 28. Let c = w + -17. Give r(c).
1
Suppose 10 = 3*i + 2*t, -5*i + 7 + 1 = -t. Let r(v) = -4*v**i + 0*v**2 + 6*v**2 - 3*v**2 - v. Let g = -1 - -4. Give r(g).
-12
Suppose -7 - 13 = -4*x. Suppose 0*z = 2*z - 12. Let s = z - x. Let k(d) = -8*d**2 - d + 1. Give k(s).
-8
Let r(d) = -d**2 - d. Suppose 0 = q + 2 - 13. Suppose -14*f = -q*f + 3. Determine r(f).
0
Let a be (-10)/(-6) + (-2)/(-6). Suppose -a*j - 9 = j. Let o(u) = u**3 + u + 1. Let t(d) = -4*d**3 - 3*d**2 - 3*d - 5. Let l(v) = 3*o(v) + t(v). Give l(j).
-2
Suppose -d + 0*d = 0. Let x(b) = 3*b + 1 - 2*b + 5. What is x(d)?
6
Let m(c) = -5*c - 1. Let l(f) = f - 10. Let s(q) = q - 9. Let a(o) = -4*l(o) + 5*s(o). Let i be a(4). Determine m(i).
4
Let c(g) = -3*g + 3. Let j be (-27)/(-6) + (-2)/4. Let y = 6 - j. What is c(y)?
-3
Let b be 16/(-28)*(-7)/(-2). Let q(y) = 2*y**3 + 3*y**2 + 2*y + 2. Determine q(b).
-6
Suppose -4*j = 2*c + 6, -2*j - 2 = -c - 1. Let g(p) be the first derivative of -2*p**2 + p - 1. Calculate g(j).
5
Suppose 2*f + 14 - 8 = 0. Let d(m) = -m**2 - 6*m - 1. Give d(f).
8
Let q(h) be the second derivative of -h**8/6720 + h**7/504 - h**6/720 + 7*h**5/120 + h**4/6 + h. Let n(l) be the third derivative of q(l). Determine n(5).
2
Let r(v) be the first derivative of v**5/120 + 5*v**4/24 + 2*v**3/3 + 4. Let d(q) be the third derivative of r(q). Determine d(-6).
-1
Let n(z) = z**3 - 8*z**2 + 8*z + 1. Let i(l) = -3*l + 43. Let k be i(12). What is n(k)?
8
Let z be (-6)/27 + 29/9. Suppose -4*n + z*m - 3 = 0, 5*m + 12 = -n + 2*n. Let y(i) = -i**3 - 2*i**2 + 2*i. What is y(n)?
3
Let i(b) = b**3 + 7*b**2 + 6*b + 3. Suppose 14*g = 9*g - 25. Calculate i(g).
23
Let u = 16 + -14. Let k(q) = -17 - 26 + u*q + 42. What is k(4)?
7
Let s(r) be the third derivative of 1/60*r**5 + 1/24*r**4 - 4*r**2 - 7/6*r**3 + 0 + 0*r. Calculate s(0).
-7
Suppose -2*f - 5 = 3*m, 3*m + 3*f + 2 = -1. Let l(p) = -p**2 + 5*p + 4. Determine l(m).
-20
Let l(o) = -o**3 + 7*o**2 - 5*o + 8. Suppose -5*d = 4*g - 3 - 6, 18 = 5*g + 4*d. Give l(g).
14
Let x(n) = 3*n + 1. Let s(l) = -l**3 + 2*l + 3. Let d be s(-3). Let r be 5/(-3) - 8/d. Determine x(r).
-5
Let r(k) = k**3 + 7*k**2 + 2*k - 5. Let z be (9 - 1)*(5/4 + -2). Calculate r(z).
19
Let u(v) = -2*v - 2661 - 3*v**2 + v**3 + 2659 + 2*v. Determine u(4).
14
Let u = 23 + -21. Let y(q) be the first derivative of 3*q**2/2 + 2*q + 1. Give y(u).
8
Let g(u) = u - 5. Let m be g(6). Let z(f) = 3*f**2 - 1. Let y be z(m). Let i be -12*(y + (-14)/6). Let d(r) = r**2 - 4*r + 6. Calculate d(i).
6
Let c be (-4)/2 + 8 + -7. Suppose 5*s - s = -20. Let z(w) = -w**2 - w - 1. Let a(d) = 9*d**2 + 3*d + 6. Let b(i) = c*a(i) + s*z(i). Calculate b(1).
-3
Suppose k = 2*u + 2, k + 7*u - 2 = 4*u. Suppose k*s + 2*s - 3*d = 21, 0 = d + 3. Let j(p) = -4*p**2 + 2 + 2*p + s*p + 2*p**3 + p - 4*p. Determine j(2).
6
Let j be (-13)/3 - (-2)/6. Let v(z) be the first derivative of -12 - 3/2*z**2 + 4/3*z**3 - 5*z + 1/4*z**4. Calculate v(j).
7
Suppose 6*g + 10 = g. Let v(z) = 2*z - 2. Determine v(g).
-6
Let w(n) be the third derivative of n**5/12 - 7*n**4/24 + n**3 - 3*n**2. Let a(g) = -4*g**2 + 6*g - 5. Let z = 1 - 7. Let o(r) = z*a(r) - 5*w(r). What is o(2)?
-6
Let l be (-24)/(-36) + (-23)/3. Let f(i) = i**2 + 9*i + 7. What is f(l)?
-7
Suppose m - 10 = -4*m, 2*u - 4*m + 4 = 0. Let z(b) be the first derivative of 5/2*b**u - b + 2. Determine z(1).
4
Let r(b) = b**2 + 8*b + 4. Let v(k) = -k. Let u(c) = r(c) + v(c). Calculate u(-7).
4
Let h(g) = -g**3 + 3*g**2. Let p be h(2). Let k(j) = p*j + 2 - 2 - 2 + 1. Let n(v) = v**3 - v**2 + v. Let c be n(1). What is k(c)?
3
Suppose -5*l + 27 = -3*y, -3*y + 7 = -l + 22. Let c(s) = -2 + 2*s - 2*s**2 + 2 + 3. Calculate c(l).
-9
Let j(o) = 5*o + 2. Let t(i) = 11*i + 4. Let z(l) = 13*j(l) - 6*t(l). Let f be -1*(-3 - -1 - 2). Determine z(f).
-2
Let q(y) = 2*y**3 - 2*y**2 + 1. Let v(z) be the second derivative of z**3/3 + z**2/2 + z. Let t be v(-1). What is q(t)?
-3
Suppose x = -2*q + 5, 0*q + 4*q - x - 7 = 0. Let m(c) = 4*c**2 - 2. Give m(q).
14
Let f(q) be the third derivative of q**2 + 0 + 0*q + 1/6*q**4 - 1/12*q**5 - 1/6*q**3 + 1/120*q**6. Suppose -12 = -2*a - 2*a. What is f(a)?
-7
Let n(f) = -3*f - 1 + f - f**2 - 4*f - 3. Calculate n(-4).
4
Suppose j = -j. Let k(q) be the second derivative of -q**2 - 2/3*q**3 - 2*q + j. Give k(-2).
6
Let w = 58 - 56. Let v(q) be the first derivative of -q + w - 8/3*q**3 + 1/2*q**2. Give v(1).
-8
Let o be 6/9*(-18)/(-4). Suppose 0 = o*t + 2*t - 10. Let b(c) = -c**2 - 3*c**t + 2*c**2 + c - 2*c**3. Calculate b(1).
-3
Let s be 4 - (1 + 9 - 3). Let l(f) = -4*f + 2. Determine l(s).
14
Let g(v) = 5*v - 2 - 8*v + 3. Give g(-1).
4
Let v(u) = -3*u**2 + u - 7. Let d(s) = -7*s**2 + 3. Let q(g) = 3*g**2 - 1. Let p(z) = 2*d(z) + 5*q(z). Let a(k) = 4*p(k) + v(k). Suppose -b = 3*b. Give a(b).
-3
Let c(m) be the second derivative of -m**3/6 + 7*m**2/2 - 25*m. What is c(7)?
0
Let t(i) = -4*i**3 + 2*i**3 + 3*i**3 - 5 + 6*i. Let c(m) = -m**3 + m**2 - 6*m + 5. Let d(k) = -5*c(k) - 4*t(k). What is d(4)?
3
Let s(y) be the first derivative of y**2/2 + 17*y - 48. Determine s(0).
17
Suppose 2*l = p + 4*p + 7, 0 = 2*l - p + 5. Let g be (-2)/(-9) - (-50)/18. Let v(u) = -2 + 0*u - u**g + u + 2*u - 3*u**2. Calculate v(l).
2
Let h(n) = 3*n**2 - 1 + 6 + 2*n**2 - 6*n**2. Let s be (-28)/8 - (-2)/(-4). What is h(s)?
-11
Suppose 0 = n - 0 - 2. Suppose 3 = -n*o - 1. Let j(w) = -5*w**2 + 4*w - 5. Let r(h) = -h**2 + h - 1. Let p(k) = -j(k) + 6*r(k). What is p(o)?
-9
Let l(f) = -f**2 - 3*f - 3. Let r(y) = y**2 - 4*y - 4. Let j be r(4). Let a be 29/3 - j/(-6). Suppose -5*q - a = 6. Give l(q).
-3
Let g be 1*(2*3)/2. Suppose 0 = -0*v + v - g. Let q(i) = i**3 - 3*i**2 - 2*i. What is q(v)?
-6
Let h(y